{"id":268,"date":"2016-07-29T12:39:41","date_gmt":"2016-07-29T10:39:41","guid":{"rendered":"http:\/\/www.carmensylvahaus.de\/homepage\/?page_id=268"},"modified":"2023-11-10T11:10:04","modified_gmt":"2023-11-10T09:10:04","slug":"stationaere-pflege-2","status":"publish","type":"page","link":"https:\/\/www.carmensylvahaus.de\/homepage\/stationaere-pflege-2\/","title":{"rendered":"Station\u00e4re Pflege"},"content":{"rendered":"\n<ul class=\"wp-block-list\">\n<li>Pflegedienstleitung: Herr Mustafa Emir &#8211; Tel. 02 02\/94 79 75 &#8211; 61<\/li>\n\n\n\n<li>Stellv. Pflegedienstleitung: Frau Nadja Springer &#8211; Tel. 02 02\/94 79 75 &#8211; 64<\/li>\n\n\n\n<li>Pflege und Bewohner: <strong>02 02\/94 79 75 &#8211; 66<\/strong><\/li>\n<\/ul>\n\n\n<h4><a href=\"http:\/\/www.carmensylvahaus.de\/homepage\/wp-content\/uploads\/2016\/07\/Sommerfest_ba.jpg\"><img loading=\"lazy\" decoding=\"async\" class=\"alignnone wp-image-211 size-full\" src=\"http:\/\/www.carmensylvahaus.de\/homepage\/wp-content\/uploads\/2016\/07\/Sommerfest_ba.jpg\" alt=\"Sommerfest_ba\" width=\"500\" height=\"333\" srcset=\"https:\/\/www.carmensylvahaus.de\/homepage\/wp-content\/uploads\/2016\/07\/Sommerfest_ba.jpg 500w, https:\/\/www.carmensylvahaus.de\/homepage\/wp-content\/uploads\/2016\/07\/Sommerfest_ba-300x200.jpg 300w\" sizes=\"auto, (max-width: 500px) 100vw, 500px\" \/><\/a><\/h4>\n<h3><span style=\"color: #008080;\">Gemeinschaftliches Wohnen mit viel Abwechslung<\/span><\/h3>\n<p>In unserem Haus mit einem sch\u00f6nen Garten und altem Baumbestand stehen 9 Einzelzimmer und 3 Doppelzimmer zur Verf\u00fcgung, jedes mit eigenem Duschbad versehen.<\/p>\n<p>Den f\u00fcnfzehn Bewohnern wird ein Zusammenleben in einer familien\u00e4hnlichen Atmosph\u00e4re geboten. Dabei haben gestalterische Elemente wie zum Beispiel wie Malen, Musizieren, Bewegungs\u00fcbungen oder Vorlesen ihren festen Platz. Dies richtet sich nat\u00fcrlich nach den individuellen M\u00f6glichkeiten und Einschr\u00e4nkungen, die das Alter mit sich bringen kann.<\/p>\n<p>Die Feste im Jahreslauf wie Ostern, Johanni, Advent und Weihnachten, nat\u00fcrlich auch Geburtstage und Sommerfeste, bilden jeweils H\u00f6hepunkte des Jahres. In den Alltag integriert werden ebenfalls regelm\u00e4\u00dfige kleine Konzerte oder andere Kulturangebote.<br \/>Im Haus haben wir auch einen Kurzzeitpflegeplatz integriert zur Entlastung pflegender Angeh\u00f6riger.<\/p>\n<p>Unsere Einrichtung ist anerkannt von allen Pflegekassen und den Sozialhilfetr\u00e4gern.<\/p>\n<figure id=\"attachment_24\" aria-describedby=\"caption-attachment-24\" style=\"width: 640px\" class=\"wp-caption alignnone\"><a href=\"http:\/\/www.carmensylvahaus.de\/homepage\/wp-content\/uploads\/2013\/12\/SCH_2013-02-08_21349.jpg\"><img loading=\"lazy\" decoding=\"async\" class=\"size-large wp-image-24\" src=\"http:\/\/www.carmensylvahaus.de\/homepage\/wp-content\/uploads\/2013\/12\/SCH_2013-02-08_21349-1024x681.jpg\" alt=\"Das winterliche Carmen Sylva Haus\" width=\"640\" height=\"426\" srcset=\"https:\/\/www.carmensylvahaus.de\/homepage\/wp-content\/uploads\/2013\/12\/SCH_2013-02-08_21349-1024x681.jpg 1024w, https:\/\/www.carmensylvahaus.de\/homepage\/wp-content\/uploads\/2013\/12\/SCH_2013-02-08_21349-300x199.jpg 300w, https:\/\/www.carmensylvahaus.de\/homepage\/wp-content\/uploads\/2013\/12\/SCH_2013-02-08_21349.jpg 1280w\" sizes=\"auto, (max-width: 640px) 100vw, 640px\" \/><\/a><figcaption id=\"caption-attachment-24\" class=\"wp-caption-text\">Das winterliche Carmen Sylva Haus<\/figcaption><\/figure>\n<p><strong><span style=\"color: #008080;\"><a href=\"http:\/\/www.carmensylvahaus.de\/homepage\/wp-content\/uploads\/2013\/12\/Flyer_Stat_Pflege_105x148.pdf\" target=\"_blank\" rel=\"noopener\">Flyer<\/a> zur station\u00e4ren Pflege als <\/span><\/strong><strong><span style=\"color: #008080;\">PDF-Datei<\/span><\/strong><strong><span style=\"color: #008080;\">.<\/span><\/strong><\/p>\n<p><strong><span style=\"color: #008080;\">Die aktuellen Pfleges\u00e4tze k\u00f6nnen Sie <a href=\"https:\/\/www.carmensylvahaus.de\/homepage\/preisliste-stationaer\/\" target=\"_blank\" rel=\"noopener\">hier<\/a> abrufen. <\/span><\/strong><\/p>","protected":false},"excerpt":{"rendered":"<p>Gemeinschaftliches Wohnen mit viel Abwechslung In unserem Haus mit einem sch\u00f6nen Garten und altem Baumbestand stehen 9 Einzelzimmer und 3 Doppelzimmer zur Verf\u00fcgung, jedes mit eigenem Duschbad versehen. Den f\u00fcnfzehn Bewohnern wird ein Zusammenleben in einer familien\u00e4hnlichen Atmosph\u00e4re geboten. Dabei haben gestalterische Elemente wie zum Beispiel wie Malen, Musizieren, Bewegungs\u00fcbungen oder Vorlesen ihren festen Platz. Dies richtet sich nat\u00fcrlich nach den individuellen M\u00f6glichkeiten und Einschr\u00e4nkungen, die das Alter mit sich bringen kann. Die Feste im Jahreslauf wie Ostern, Johanni, Advent&#8230;<\/p>\n<p class=\"read-more\"><a class=\"btn btn-default\" href=\"https:\/\/www.carmensylvahaus.de\/homepage\/stationaere-pflege-2\/\">Weiterlesen<span class=\"screen-reader-text\"> Weiterlesen<\/span><\/a><\/p>\n","protected":false},"author":1,"featured_media":0,"parent":0,"menu_order":0,"comment_status":"closed","ping_status":"closed","template":"","meta":{"footnotes":""},"class_list":["post-268","page","type-page","status-publish","hentry"],"_links":{"self":[{"href":"https:\/\/www.carmensylvahaus.de\/homepage\/wp-json\/wp\/v2\/pages\/268","targetHints":{"allow":["GET"]}}],"collection":[{"href":"https:\/\/www.carmensylvahaus.de\/homepage\/wp-json\/wp\/v2\/pages"}],"about":[{"href":"https:\/\/www.carmensylvahaus.de\/homepage\/wp-json\/wp\/v2\/types\/page"}],"author":[{"embeddable":true,"href":"https:\/\/www.carmensylvahaus.de\/homepage\/wp-json\/wp\/v2\/users\/1"}],"replies":[{"embeddable":true,"href":"https:\/\/www.carmensylvahaus.de\/homepage\/wp-json\/wp\/v2\/comments?post=268"}],"version-history":[{"count":28,"href":"https:\/\/www.carmensylvahaus.de\/homepage\/wp-json\/wp\/v2\/pages\/268\/revisions"}],"predecessor-version":[{"id":1032,"href":"https:\/\/www.carmensylvahaus.de\/homepage\/wp-json\/wp\/v2\/pages\/268\/revisions\/1032"}],"wp:attachment":[{"href":"https:\/\/www.carmensylvahaus.de\/homepage\/wp-json\/wp\/v2\/media?parent=268"}],"curies":[{"name":"wp","href":"https:\/\/api.w.org\/{rel}","templated":true}]}}