{"id":43,"date":"2013-12-27T19:17:51","date_gmt":"2013-12-27T17:17:51","guid":{"rendered":"http:\/\/www.carmensylvahaus.de\/homepage\/?page_id=43"},"modified":"2020-09-24T15:44:32","modified_gmt":"2020-09-24T13:44:32","slug":"verein","status":"publish","type":"page","link":"https:\/\/www.carmensylvahaus.de\/homepage\/verein\/","title":{"rendered":"Der Verein"},"content":{"rendered":"<p>Der Verein, gegr\u00fcndet im Jahre 1983, tr\u00e4gt den Namen von Carmen Sylva (K\u00f6nigin Elisabeth von Rum\u00e4nien, 1843 &#8211; 1916). Im Gedankengut und sozialen Handeln&nbsp; dieser Pers\u00f6nlichkeit findet sich viel der Anthroposophie Verwandtes. <\/p>\n<p>Die MitarbeiterInnen des Vereins arbeiten in der \u00dcberzeugung, dass durch Anerkennung der geistigen Individualit\u00e4t eine Hilfe zur sinnvollen Lebensgestaltung auch f\u00fcr den gebrechlich gewordenen Menschen bis in den Tod hinein m\u00f6glich ist.<\/p>\n\n\n<p><a href=\"\/homepage\/unser-Leitbild\">Unser Leitbild<\/a><\/p>\n\n\n\n<p><a href=\"\/homepage\/vereinssatzung\">Vereinssatzung<\/a><\/p>\n\n\n\n<p><a href=\"\/homepage\/mitglied-werden\/\" data-type=\"URL\" data-id=\"\/homepage\/mitglied-werden\/\">Mitglied werden<\/a><\/p>\n\n\n\n<p><a href=\"\/homepage\/rudolf-steiner\/\">Rudolf Steiner<\/a><\/p>\n\n\n\n<p><a href=\"\/homepage\/anthroposophische-pflege\/\">Anthroposophische Pflege<\/a><\/p>\n\n\n\n<p><a href=\"\/homepage\/carmen-sylva-zur-namenswahl\/\">Carmen Sylva &#8211; zur Namenswahl<\/a><\/p>\n\n\n\n<p><a href=\"\/homepage\/wdr5-podcast\/\">Carmen Sylva &#8211; Podcast WDR<\/a><\/p>\n\n\n\n<p><a href=\"\/homepage\/jobangebote\/\">Jobangebote<\/a><\/p>\n","protected":false},"excerpt":{"rendered":"<p>Der Verein, gegr\u00fcndet im Jahre 1983, tr\u00e4gt den Namen von Carmen Sylva (K\u00f6nigin Elisabeth von Rum\u00e4nien, 1843 &#8211; 1916). Im Gedankengut und sozialen Handeln&nbsp; dieser Pers\u00f6nlichkeit findet sich viel der Anthroposophie Verwandtes. Die MitarbeiterInnen des Vereins arbeiten in der \u00dcberzeugung, dass durch Anerkennung der geistigen Individualit\u00e4t eine Hilfe zur sinnvollen Lebensgestaltung auch f\u00fcr den gebrechlich gewordenen Menschen bis in den Tod hinein m\u00f6glich ist. Unser Leitbild Vereinssatzung Mitglied werden Rudolf Steiner Anthroposophische Pflege Carmen Sylva &#8211; zur Namenswahl Carmen Sylva&#8230;<\/p>\n<p class=\"read-more\"><a class=\"btn btn-default\" href=\"https:\/\/www.carmensylvahaus.de\/homepage\/verein\/\">Weiterlesen<span class=\"screen-reader-text\"> Weiterlesen<\/span><\/a><\/p>\n","protected":false},"author":1,"featured_media":0,"parent":0,"menu_order":2,"comment_status":"closed","ping_status":"open","template":"","meta":{"footnotes":""},"class_list":["post-43","page","type-page","status-publish","hentry"],"_links":{"self":[{"href":"https:\/\/www.carmensylvahaus.de\/homepage\/wp-json\/wp\/v2\/pages\/43","targetHints":{"allow":["GET"]}}],"collection":[{"href":"https:\/\/www.carmensylvahaus.de\/homepage\/wp-json\/wp\/v2\/pages"}],"about":[{"href":"https:\/\/www.carmensylvahaus.de\/homepage\/wp-json\/wp\/v2\/types\/page"}],"author":[{"embeddable":true,"href":"https:\/\/www.carmensylvahaus.de\/homepage\/wp-json\/wp\/v2\/users\/1"}],"replies":[{"embeddable":true,"href":"https:\/\/www.carmensylvahaus.de\/homepage\/wp-json\/wp\/v2\/comments?post=43"}],"version-history":[{"count":11,"href":"https:\/\/www.carmensylvahaus.de\/homepage\/wp-json\/wp\/v2\/pages\/43\/revisions"}],"predecessor-version":[{"id":829,"href":"https:\/\/www.carmensylvahaus.de\/homepage\/wp-json\/wp\/v2\/pages\/43\/revisions\/829"}],"wp:attachment":[{"href":"https:\/\/www.carmensylvahaus.de\/homepage\/wp-json\/wp\/v2\/media?parent=43"}],"curies":[{"name":"wp","href":"https:\/\/api.w.org\/{rel}","templated":true}]}}